*2/2 + 7*l - 27. What is a(5)?
-13
Let h(a) = 123*a - 7875. Let p be h(64). Let k(n) = -n**2 - 10*n - 41. What is k(p)?
-20
Let f = -1994 - -1988. Let g(r) = 5*r + 29. Calculate g(f).
-1
Let u(y) be the second derivative of -y**3/2 - 42*y**2 - 119*y + 1. Calculate u(-22).
-18
Suppose 764*y = 704*y - 60. Let c(n) = -13*n**3 + 6*n + 7. Determine c(y).
14
Let v(z) = 909*z**2 - 472*z**2 - 481*z**2 + 12*z + 11 + 0*z. What is v(-1)?
-45
Suppose 59*q = 57*q + 38. Let w(h) = -17*h**2 - 12 + 13 + q*h**2 - 4*h. What is w(4)?
17
Let c(h) = 17*h**3 - 2*h**2 + 4*h - 6. Let u(s) = -55*s**3 + 5*s**2 - 12*s + 17. Let m(w) = -13*c(w) - 4*u(w). Give m(6).
-14
Let a(l) = -11*l**3 - l**2 - l + 1. Let b(s) be the second derivative of 1/10*s**5 - 7*s**2 - 33*s - 11/12*s**4 + 0 + 4/3*s**3. Let t be b(5). Give a(t).
-12
Let d(i) = -i**2 - 6*i - 4. Let w(t) = t**2 - 4*t - 3. Let u be (1/(-2))/((-3)/36). Let s be w(u). Suppose -5*g - s - 21 = 0. Determine d(g).
-4
Suppose 3531 = 27*j - 16*j. Let z(p) = 157*p + 159*p + 4 - 3 - j*p. Let c be 30/(-24) + (-2)/(-8). What is z(c)?
6
Let c(a) = a**2 + 3*a + 4. Suppose 15 = 6*n + 3. Let g be -9 - -3 - 1/(n/(-4)). What is c(g)?
8
Suppose 5*s + 110 = -5*p, 5 = -p + 3*s + 3. Let z(o) = o**3 + 15*o**2 - 33*o + 2. What is z(p)?
-15
Let a(i) be the third derivative of -i**6/120 + 2*i**5/15 + 19*i**4/24 + i**3/3 + 5*i**2. Calculate a(-2).
4
Let f(a) = -a**3 - 2*a**2 - a + 2. Suppose -103*g + 25 = 7*g + 465. Give f(g).
38
Suppose 3*r + 0*r = -15. Let m(h) = -2*h + 8 + 252*h**2 - 114*h**2 + 4 - 9 - 137*h**2. Calculate m(r).
38
Let c(k) = -k + 7. Let h be 6*(-5)/(-15)*6/4. Suppose h = -4*a - 17, 2*n - a = 45. Let x(f) = -3*f + 68. Let v be x(n). Give c(v).
-1
Let s(o) = o**2 - 7*o - 31. Suppose h = -3*z + 36, h = 16*z - 11*z - 44. Determine s(z).
-1
Let p(n) be the third derivative of 29*n**4/8 + 85*n**3/3 + 196*n**2 + n - 1. Calculate p(-2).
-4
Let c(m) = -392 + 168 - m + 208. Calculate c(-3).
-13
Let b(f) be the first derivative of -5*f**2 + 22*f - 71. Let h(v) = -4*v + 9. Let u(c) = 5*b(c) - 12*h(c). Calculate u(2).
-2
Let z(b) be the second derivative of b**4/12 + b**3/2 - 6*b**2 + b + 53. Let o(y) = 10*y + 44. Let x be o(-5). Determine z(x).
6
Let u = -7561 + 7557. Let c(n) = 2*n**3 + 8*n**2 - 7*n - 23. Give c(u).
5
Let v(j) = j**3 + 4*j**2 + 2*j + 1. Let p = 15 - 8. Suppose -p = 3*g + 17. Let d be 2/g - 77/28. Determine v(d).
4
Let p(b) = 23*b - 14 - 243 - 117 + b**2. Give p(11).
0
Let w(c) = 2*c**3 - 8*c**2 + 71*c + 184. Let x be w(-2). Let p(g) = g**2 - 19*g - 142. Calculate p(x).
8
Let s = -2309 + 2310. Let z(j) = -6*j + 1. Give z(s).
-5
Let d = 4423 - 4431. Let a(p) = 3*p + 27. Calculate a(d).
3
Let a(f) be the first derivative of -f**3 + 3*f**2/2 - 701. Let n(u) = -u**3 - 3*u**2 - u - 17. Let y be n(-4). What is a(y)?
-18
Let r(w) = w**2 - 2. Suppose -4*a + 4*i - 6 + 2 = 0, 3*a - 5 = i. Suppose -a*p + 9*p + 12 = 0. Let j be p/5*(1 + 4). Determine r(j).
2
Let r(b) = -b**3 - 4*b**2 - b - 11. Let f be (64 - 63)/(1/(-7)) + (2 - -1). What is r(f)?
-7
Let v be (-96)/(-20) + 1/5. Suppose 2*g - v*g + w + 10 = 0, -2*g + 24 = -5*w. Let z(a) = 0*a - a**3 - 2 + 0*a**g + 2*a + 2*a**2 - a. Give z(3).
-8
Let a(m) = m**2 - m. Suppose 2*f - 4 = -3*g, 5*f = -29*g + 30*g - 7. Give a(g).
2
Suppose 6*g - 2*l = -42, -27*g + 28*g = 5*l - 7. Let q(i) = -2*i**2 - 14*i - 15. Determine q(g).
-15
Let i(t) = t**3 + 18*t**2 + 9*t - 5. Let u(l) = 13*l**2 + 9*l - 5*l**3 + 4*l**2 - 6 + 6*l**3. Let d(a) = -6*i(a) + 7*u(a). Let b = -6837 - -6827. What is d(b)?
-2
Let z(r) = r**3 - 13*r**2 + 34*r - 35. Let c be z(10). Suppose 0 = c*s, s + 11 = -4*i - 17. Let l(x) = x**3 + 6*x**2 - 6*x + 3. What is l(i)?
-4
Let y = 428 + -351. Let p(u) = 2*u**2 - 7 - 76*u**3 + y*u**3 - 11*u**2 + 4*u - 2*u + 0*u. Determine p(9).
11
Let n = 37 - 33. Suppose 0 = -n*p - p - 2*j + 45, 5*j = 25. Let h(c) be the first derivative of -c**4/4 + 8*c**3/3 - 5*c**2 + 10*c + 21. Calculate h(p).
-11
Let t(x) = 168*x - 11924. Let d be t(71). Let v(u) = -2*u + u + 10*u - 5. Give v(d).
31
Let b(l) = -684*l + 1359*l - 674*l - 2 - l**2. Let h = 6 - 8. Give b(h).
-8
Let h(k) = 22*k + 189. Let x be h(-9). Let t(z) = 8*z + 5. Let w(r) = 15*r + 9. Let o(n) = 11*t(n) - 6*w(n). Determine o(x).
19
Let c be 17/8 - (57/24)/19. Let u = -5 - -8. Let j(d) = -2*d**c - 7*d - d**3 - u*d**2 - 57 + 52 + 0*d**2. What is j(-5)?
30
Suppose 0 = -9*q + 2*q + 791. Let f(a) = -7*a - 107 + q - a**2 + 6*a. Determine f(0).
6
Let m(i) = i**3 + 4*i**2 - 8*i - 3. Let o = 157 - 139. Let u be (0 + o)/(-3)*1. Determine m(u).
-27
Let c(d) be the second derivative of 1/2*d**4 + 2/3*d**3 + 9/2*d**2 + 1/20*d**5 + 20*d + 2. What is c(-6)?
-15
Suppose 0 = 5*v + 4*v - 18. Let q(w) = w - 384 + 386 + 2*w**v - 2*w. Determine q(1).
3
Let b(r) = 10*r + 0*r - 4 - r**3 + 8*r**2 - 4*r**2 + 3 - 17*r**2. Determine b(-14).
55
Let b = 6125 + -6134. Let c(g) = g**2 + 11*g + 14. Determine c(b).
-4
Let p(k) be the third derivative of -29*k**5/60 - k**4/24 - k**3/6 + 15*k**2 + 132*k + 1. Let n(q) = q. Let j be n(-1). What is p(j)?
-29
Suppose 68*o = 62*o + 234. Let t be (-700)/182 + (-6)/o. Let l(m) = 2*m. Give l(t).
-8
Let d(p) = p**2 - 4*p - 3. Let k be (80/(-8))/(-2 + (3 - 2)). Let c be (k/(-2))/((-20)/24) - 3. Let q(i) = -i**3 + 3*i**2 + 5. Let a be q(c). What is d(a)?
2
Let w(u) = u**2 - 3*u - 5. Let l be w(5). Let c(y) = -45*y**3 - 4*y**2 + 142*y**3 - 47*y**3 - 4*y + 0 - 49*y**3 + 2. Calculate c(l).
7
Let n(s) = -154 + 48 + 59 + 21*s + 63. What is n(-1)?
-5
Let i(m) = -3*m. Suppose 5*f - 9*f + 28 = 0. Suppose 17 - 52 = -f*y. Suppose -y*n - 15 = 5*o, 0*n = 2*n + 4. Calculate i(o).
3
Let n(k) = -k + 30. Let o(f) = 3. Let b(v) = -n(v) + 8*o(v). Let a = -28 + 17. Let j be ((-2)/(-3))/(a/(-99)). Give b(j).
0
Suppose 13*u = -u + 98. Suppose -4*w + 8 = l, 2*l = 4*w + u*l - 24. Let b(s) = 10*s - 1. Determine b(w).
9
Let c(g) be the first derivative of 4*g**2 + 5*g - 4951. What is c(0)?
5
Let y(s) = -3*s + 12. Suppose 5*v = 5*n - 10, 8*n - 5*v = 13*n - 40. Determine y(n).
-3
Let h = 34 + -28. Let y(c) = -h - 6*c - 8*c - 5*c**2 + 3*c**2. What is y(-7)?
-6
Let l(n) be the second derivative of 7*n**3/6 - 14*n**2 - 3264*n. Determine l(8).
28
Let h(a) = -a**2 + 35*a + 7. Let v be h(35). Let s(n) = -3 - 2*n**2 + 2*n - v*n**2 + 2 + 12*n**2. Calculate s(-3).
20
Suppose 7*h + 3*f + 6 = 8*h, -5*h + 5*f + 30 = 0. Let z(v) be the first derivative of v**2/2 + 6*v + 60. Give z(h).
12
Let d(j) = 4*j**2 + 5*j - 4. Let s be d(-4). Let g be (((-1530)/s)/(-17))/((-1)/4). Let n(c) = -c**3 - 8*c**2 + 6*c - 7. What is n(g)?
20
Suppose 39 - 165 = -14*l. Let j(q) = 5*q**2 + q + 3. Let w(b) = -11*b**2 - 3*b - 6. Let n(a) = l*j(a) + 4*w(a). Determine n(3).
3
Let b(t) be the second derivative of t**5/20 - 3*t**4/4 - t**3/2 + 5*t**2 + 1061*t. Determine b(9).
-17
Let f(h) = -6*h + 363. Let t be f(60). Let c(b) = -b. What is c(t)?
-3
Let z(a) = 5*a - 9 - 8 - 7 + 53 - 17. What is z(0)?
12
Let o(p) = -6*p**3 + 25*p**2 - 5*p + 1. Let w(v) = -5*v**3 + 23*v**2 - 3*v. Let g(j) = 6*o(j) - 7*w(j). Give g(-10).
-4
Let z(b) = 2*b**3 - 1. Let p(f) = -2*f**3 - f**2 + 2. Let m(c) = 2*p(c) + 3*z(c). Let u be -19 + -3 + 2 + 1. Let l = u - -18. Calculate m(l).
-3
Suppose f = o - 5, 4*o = 11*f - 8*f + 25. Let g(u) = o*u - 2*u - 12 + 1712*u**2 - 1711*u**2. Calculate g(-9).
-3
Suppose 5*d + 3 = 3*l, 4*d - 2*d - 5*l + 24 = 0. Let j(b) = -3*b - 2 + b**2 + 0 + 1. Determine j(d).
-1
Suppose -8 = 2*n - 2*j, -3*n - 2*j + 0*j = -3. Let a = n + 9. Let z(v) = -9*v + 2*v**3 - v**3 - 7*v**2 + 4 - 7. Determine z(a).
-11
Let d be 12 - 4 - (-10 + 11) - 17. Let t(i) = -i**3 - 10*i**2 + i - 12. Determine t(d).
-22
Let x = -7/96 + 43/480. Let f(r) be the third derivative of x*r**5 + 0*r - 5/6*r**3 - 5/24*r**4 + 0 + 5*r**2. What is f(7)?
9
Let a = -531 - -534. Let p(s) = 5 + 25*s + a + 4 - 22*s. Calculate p(-6).
-6
Let b be -1 + 10/(-4)*160/(-100). Suppose 7*p = 3*p + b*t - 223, p + 47 = -t. Let v = 59 + p. Let o(u) = u**3 - 6*u**2 - 7*u + 4. Determine o(v).
4
Let h(v) = -17*v**3 - 2*v**2 - 8*v - 6. Let r(x) = -11*x**3 - x**2 - 9*x - 4. Let u(q) = -2*h(q) + 3*r(q). What is u(3)?
3
Let k(s) = -4*s**2 - 51*s + 19. Let u(f) = 10*f**2 + 148*f - 55. Let i(n) = 8*k(n) + 3*u(n). Give i(18).
-13
Let l(x) = 2*x**2 - x - 19. L